ulate i(-9).
51
Let y(k) = k**2 - 746. What is y(-29)?
95
Let n(i) = -i**3 - 2*i**2 - 169*i - 700. Determine n(-4).
8
Let h(c) = 87*c**2 - 14*c - 14. Give h(-1).
87
Let l(m) = -3*m**3 + 11*m**2 + 36*m - 14. Give l(6).
-50
Let c(u) = u**2 + 9*u - 901. What is c(-34)?
-51
Let c(o) = 2*o**2 + 35*o - 185. Calculate c(7).
158
Let m(t) = -t**2 + 61*t + 1421. Give m(79).
-1
Let q(g) = g**2 - 48*g + 396. Calculate q(11).
-11
Let s(g) = -499*g - 2006. What is s(-4)?
-10
Let i(c) = c**3 - 2*c**2 - 167. Give i(0).
-167
Let f(l) = -5*l**2 - 26*l - 140. What is f(-7)?
-203
Let g(m) = -8*m**2 - 104*m - 31. Determine g(-13).
-31
Let y(t) = 282*t - 2824. What is y(10)?
-4
Let h(c) = -c**2 + 14*c + 156. Give h(-8).
-20
Let z(w) = -28*w - 252. Give z(-7).
-56
Let k(t) = t**3 + 10*t**2 + 11*t + 121. Calculate k(-10).
11
Let x(k) = -2*k**3 + 21*k**2 - 19*k - 37. Give x(9).
35
Let k(n) = -8*n**2 - 26*n + 12. What is k(-8)?
-292
Let a(s) = 117*s + 772. Give a(0).
772
Let s(g) = 3*g - 184. Calculate s(11).
-151
Let m(n) = n**2 + 9*n - 4. Calculate m(-9).
-4
Let d(v) = -446*v - 12037. Calculate d(-27).
5
Let d(c) = c**3 + 3*c**2 + 219*c + 1433. Determine d(-6).
11
Let w(g) = g**2 + 10*g - 285. What is w(-23)?
14
Let g(w) = -20001*w - 80001. What is g(-4)?
3
Let g(d) = -767*d - 4592. Give g(-6).
10
Let c(w) = -w**3 - 17*w**2 - 41*w - 359. Calculate c(-17).
338
Let a(q) = -2*q**3 - 3*q**2 - 14*q - 67. Give a(-3).
2
Let d(w) = 79*w + 314. Calculate d(-4).
-2
Let t(h) = -175*h**2 + 34*h - 30. What is t(1)?
-171
Let i(t) = t**3 - 39*t**2 + 378*t + 10. Determine i(18).
10
Let s(f) = 3*f**3 - 4*f**2 - 17*f - 21. Give s(4).
39
Let n(m) = m**3 - 12*m**2 - 5*m + 63. What is n(11)?
-113
Let z(i) = -i**3 + i**2 - 33*i + 21. Determine z(0).
21
Let t(r) = 321*r - 315. Give t(1).
6
Let o(j) = -40*j + 18. What is o(-1)?
58
Let w(z) = z**2 + 9*z - 69. Calculate w(5).
1
Let k(c) = -72*c - 33. Determine k(-2).
111
Let j(y) = 78*y - 269. Determine j(-3).
-503
Let l(r) = r**3 - 11*r**2 + 26*r - 287. Calculate l(11).
-1
Let i(q) = -3*q**2 - 37*q - 161. Calculate i(-8).
-57
Let b(j) = -3*j**3 + 2*j**2 + 13*j + 6. Determine b(-2).
12
Let x(z) = 2*z**3 - 20*z**2 - 19*z - 35. What is x(11)?
-2
Let d(h) = h**3 - 16*h**2 - 58*h + 382. Calculate d(18).
-14
Let v(s) = -5*s**2 + 459*s - 1236. Give v(89).
10
Let p(i) = 26*i**2 - 14*i - 4. What is p(-3)?
272
Let i(x) = x**3 - 50*x**2 + 139*x + 126. Calculate i(47).
32
Let q(d) = 7*d**2 + 247*d - 493. Determine q(2).
29
Let j(b) = -4*b**3 + 2*b**2 + 2*b + 7. Calculate j(3).
-77
Let t(b) = 119*b + 243. Give t(-5).
-352
Let g(c) = -80*c + 426. What is g(4)?
106
Let i(z) = 5*z**2 - 69*z - 58. Determine i(15).
32
Let i(b) = -54*b + 943. Give i(18).
-29
Let r(j) = 39*j - 348. Calculate r(9).
3
Let a(v) = 204*v**2 - 7*v + 6. Give a(0).
6
Let i(l) = -l**3 - 13*l**2 + 25*l - 63. Determine i(-15).
12
Let b(o) = -o**2 - 270*o + 25. What is b(0)?
25
Let g(k) = 75*k - 741. What is g(10)?
9
Let w(z) = 15*z**2 - 174*z + 73. What is w(7)?
-410
Let d(n) = 32*n**2 - 69*n + 21. What is d(2)?
11
Let o(h) = -52*h**2 + 39*h + 38. Give o(-1).
-53
Let b(z) = 111*z + 332. Determine b(-3).
-1
Let g(z) = -2*z**2 - 54*z - 149. Calculate g(-3).
-5
Let m(f) = -19*f + 254. Calculate m(14).
-12
Let q(r) = 148*r**2 + 3*r - 2. What is q(1)?
149
Let b(x) = x**3 - 11*x**2 - 5*x + 91. Give b(4).
-41
Let s(n) = -17*n + 1234. Calculate s(60).
214
Let y(z) = -712*z - 4326. Calculate y(-6).
-54
Let m(b) = 23*b - 151. Give m(7).
10
Let s(f) = 444*f - 46177. Determine s(104).
-1
Let u(j) = j**2 + 434*j - 20523. What is u(43)?
-12
Let p(g) = 7*g**2 - 9*g - 76. Give p(-6).
230
Let z(x) = 24*x - 623. Give z(27).
25
Let l(w) = 85*w + 9862. Determine l(-116).
2
Let v(f) = 90*f**2 + 218*f - 218. What is v(1)?
90
Let t(h) = -32*h + 520. Determine t(16).
8
Let n(u) = u**3 + 49*u**2 + 94*u - 1. Give n(-2).
-1
Let q(b) = -44*b**2 + 272*b - 267. Give q(1).
-39
Let g(q) = q**3 - 52*q**2 - 111*q + 93. Give g(54).
-69
Let o(j) = 10*j**2 - 580*j + 15. Determine o(58).
15
Let k(b) = 4*b**2 - 137*b - 52. Determine k(0).
-52
Let d(v) = -226*v - 2506. Calculate d(-11).
-20
Let a(n) = n**2 + 44*n - 3512. Calculate a(-85).
-27
Let w(u) = -u**2 - 20*u + 117. Give w(-22).
73
Let m(f) = -f**2 - 243*f - 12762. What is m(-77)?
20
Let c(j) = 61*j - 94. What is c(1)?
-33
Let k(d) = 9*d - 456. Determine k(45).
-51
Let l(v) = 8918*v - 26749. Give l(3).
5
Let c(i) = i**3 - 45*i**2 + 24*i + 883. Determine c(44).
3
Let a(r) = -2*r**3 + 172*r**2 + 704*r + 1452. Calculate a(90).
12
Let d(j) = -22*j - 2509. Calculate d(-114).
-1
Let k(m) = 1508*m + 6018. What is k(-4)?
-14
Let q(d) = -980*d - 19605. Calculate q(-20).
-5
Let o(f) = -3*f**2 - 48*f + 374. What is o(6)?
-22
Let u(n) = -226*n - 1390. Give u(-7).
192
Let u(l) = -14*l - 429. What is u(-29)?
-23
Let j(d) = 4*d**2 - 262*d - 392. Calculate j(67).
10
Let c(u) = 119*u - 4644. Calculate c(39).
-3
Let p(a) = -198*a**2 + 1611*a - 201. Give p(8).
15
Let m(w) = 806*w + 20116. Calculate m(-25).
-34
Let v(q) = 52*q + 217. What is v(-4)?
9
Let u(d) = 186*d + 190. Calculate u(-1).
4
Let c(o) = -169*o - 7262. Determine c(-43).
5
Let k(o) = -2*o**3 + 35*o**2 + 636*o + 46. Calculate k(-11).
-53
Let l(g) = 75*g - 1271. Give l(17).
4
Let c(p) = -20*p - 236. Give c(-12).
4
Let l(m) = -61*m**2 - 853*m + 27. What is l(-14)?
13
Let q(o) = o**3 + 12*o**2 - 21*o + 21. Determine q(-14).
-77
Let g(m) = 797*m - 67. Determine g(0).
-67
Let k(h) = -12*h + 509. Determine k(43).
-7
Let z(q) = 287*q - 23249. Give z(81).
-2
Let d(h) = -2*h**2 + 11*h + 22. Determine d(-7).
-153
Let h(p) = -3*p**2 - 133*p - 588. Calculate h(-39).
36
Let f(s) = 765*s + 2350. Determine f(-3).
55
Let g(a) = -12*a**2 - 159*a - 397. What is g(-10)?
-7
Let p(d) = 121*d - 2176. Determine p(18).
2
Let l(d) = 136*d**3 + d**2 + 2*d. Determine l(-1).
-137
Let a(m) = -159*m + 791. Give a(5).
-4
Let n(q) = -2*q**2 - 195*q + 271. Determine n(-99).
-26
Let t(i) = 465*i - 2309. Calculate t(5).
16
Let u(b) = -37*b + 12. Give u(2).
-62
Let h(t) = -t**2 + 94*t - 987. Calculate h(82).
-3
Let y(b) = -200*b + 2117. Determine y(12).
-283
Let a(m) = 203*m + 392. Determine a(-2).
-14
Let p(h) = -h**3 + 43*h**2 + 7*h + 34. Determine p(43).
335
Let w(m) = 29*m**2 - 35*m - 13. Calculate w(1).
-19
Let c(u) = u**2 - 43*u + 474. Give c(36).
222
Let h(c) = 1003*c - 36114. Give h(36).
-6
Let x(r) = 2*r**3 + 8*r**2 - 35*r - 121. Calculate x(-3).
2
Let j(i) = -2*i**2 + 18*i - 113. Give j(0).
-113
Let m(u) = -3*u**2 - 320*u - 7918. Give m(-39).
-1
Let q(u) = u**2 - 38*u - 1177. What is q(-20)?
-17
Let k(a) = 4*a**2 + 111*a + 500. Calculate k(-5).
45
Let x(n) = -n**3 - 35*n**2 - 29*n + 134. Give x(-34).
-36
Let f(p) = 307*p + 1529. Give f(-5).
-6
Let l(b) = -426*b - 64755. Give l(-152).
-3
Let i(w) = -8*w**2 + 13*w + 415. What is i(-11)?
-696
Let i(p) = 40*p + 210. Calculate i(-5).
10
Let b(y) = y**3 - 10*y**2 + 21*y - 31. Calculate b(8).
9
Let n(x) = x**2 - 79*x - 675. Determine n(88).
117
Let y(p) = -3*p**2 - 18*p + 263. Give y(-13).
-10
Let l(m) = 2*m**2 + 80*m + 163. Give l(-2).
11
Let l(r) = -17*r + 78. Calculate l(-5).
163
Let v(y) = -y**2 - 280*y - 17301. Determine v(-188).
-5
Let q(c) = 14*c + 1492. Determine q(-107).
-6
Let v(k) = 2*k**3 + 3*k**2 - 3*k - 4. Give v(-4).
-72
Let w(r) = -29*r**2 - 22*r - 49. Determine w(-2).
-121
Let j(g) = g**3 - 67*g**2 + 58*g + 282. Calculate j(66).
-246
Let u(g) = -41*g + 610. Calculate u(14).
36
Let b(u) = -34*u**3 - 10*u**2 + 27*u - 26. Give b(1).
-43
Let g(r) = -3*r**3 - 47*r**2 - 135*r - 21. Calculate g(-12).
15
Let v(j) = 1055*j - 30586. What is v(29)?
9
Let c(k) = k**2 - 53*k + 358. What is c(8)?
-2
Let w(t) = -2*t**3 - 54*t**2 + 7*t - 18. Calculate w(-27).
-207
Let w(t) = 55*t - 984. Calculate w(18).
6
Let o(q) = -43*q**2 + 1305*q + 1304. Give o(-1).
-44
Let p(g) = -662*g - 5949. What is p(-9)?
9
Let j(k) = k**2 + 19*k + 5. What is j(-2)?
-29
Let s(u) = -u**2 - 249*u + 1787. Calculate s(7).
-5
Let s(t) = -18*t + 31. Give s(1).
13
Let h(a) = a**3 + 12*a**2 - 45*a + 4. What is h(-15)?
4
Let l(x) = -104*x + 445. What is l(0)?
445
Let c(z) = 19*z - 233. Calculate c(11).
-24
Let o(b) = -b**2 + 43*b - 459. Determine o(23).
1
Let f(g) = -137*g - 5065. Give f(-37).
4
Let b(n) = -6*n**2 + 137*n - 670. Give b(